common factor of 41 and 164?
41
What is the greatest common divisor of 2444 and 156?
52
What is the highest common factor of 20132 and 7?
7
What is the greatest common factor of 609 and 189?
21
What is the greatest common divisor of 7 and 203?
7
Calculate the greatest common factor of 180 and 50.
10
What is the greatest common factor of 352 and 224?
32
Calculate the highest common factor of 141 and 1081.
47
What is the greatest common divisor of 4 and 460?
4
Calculate the highest common divisor of 33 and 13123.
11
Calculate the greatest common factor of 75 and 1875.
75
What is the greatest common factor of 225 and 117?
9
Calculate the highest common divisor of 323 and 57.
19
What is the greatest common divisor of 72 and 774?
18
What is the greatest common factor of 117 and 507?
39
Calculate the highest common factor of 781 and 11.
11
What is the greatest common factor of 6958 and 98?
98
What is the highest common divisor of 60 and 42330?
30
Calculate the greatest common divisor of 650 and 65.
65
Calculate the greatest common factor of 31 and 589.
31
Calculate the highest common divisor of 60 and 1464.
12
Calculate the greatest common divisor of 4 and 122.
2
What is the highest common divisor of 4805 and 2945?
155
Calculate the greatest common factor of 33 and 1413.
3
Calculate the highest common divisor of 555 and 330.
15
Calculate the greatest common factor of 8340 and 1020.
60
Calculate the highest common factor of 21 and 84.
21
Calculate the highest common divisor of 2540 and 60.
20
What is the highest common divisor of 52 and 26702?
26
What is the greatest common divisor of 84 and 112?
28
Calculate the highest common factor of 67 and 536.
67
What is the highest common divisor of 464 and 638?
58
What is the greatest common divisor of 1600 and 450?
50
What is the highest common divisor of 9252 and 24?
12
What is the highest common factor of 81 and 684?
9
Calculate the highest common divisor of 195 and 450.
15
What is the highest common divisor of 442 and 102?
34
Calculate the highest common divisor of 14100 and 120.
60
Calculate the highest common factor of 13 and 767.
13
Calculate the highest common factor of 11760 and 42.
42
Calculate the greatest common divisor of 2675 and 75.
25
What is the highest common divisor of 57 and 93?
3
Calculate the greatest common factor of 10602 and 228.
114
Calculate the greatest common factor of 70 and 2940.
70
What is the highest common factor of 210 and 5130?
30
Calculate the greatest common factor of 3403 and 83.
83
What is the highest common factor of 644 and 112?
28
What is the greatest common divisor of 182 and 112?
14
Calculate the greatest common divisor of 100 and 350.
50
What is the greatest common factor of 285 and 80?
5
What is the greatest common factor of 450 and 425?
25
Calculate the highest common divisor of 304 and 95.
19
Calculate the highest common divisor of 65 and 15.
5
Calculate the highest common divisor of 309 and 2266.
103
What is the greatest common divisor of 522 and 58?
58
What is the highest common factor of 319 and 29?
29
Calculate the highest common divisor of 9342 and 36.
18
What is the greatest common divisor of 88 and 104?
8
Calculate the greatest common factor of 57 and 152.
19
What is the highest common factor of 276 and 12?
12
What is the highest common factor of 1463 and 11286?
209
What is the greatest common divisor of 9 and 387?
9
What is the highest common factor of 5995 and 110?
55
What is the greatest common factor of 480 and 420?
60
What is the greatest common factor of 1392 and 144?
48
Calculate the greatest common factor of 22 and 847.
11
What is the greatest common factor of 1365 and 30?
15
What is the greatest common divisor of 1904 and 16?
16
What is the greatest common factor of 122 and 9821?
61
What is the highest common divisor of 161 and 21?
7
What is the greatest common factor of 1 and 3539?
1
What is the greatest common divisor of 504 and 42?
42
Calculate the highest common divisor of 1452 and 12.
12
Calculate the greatest common divisor of 27 and 801.
9
What is the highest common factor of 79 and 5293?
79
Calculate the greatest common divisor of 3572 and 988.
76
Calculate the highest common divisor of 3836 and 28.
28
Calculate the greatest common factor of 14 and 7994.
14
Calculate the greatest common divisor of 1273 and 19.
19
Calculate the greatest common factor of 132 and 1764.
12
What is the greatest common factor of 374 and 22?
22
Calculate the highest common factor of 414 and 36.
18
Calculate the highest common divisor of 88 and 314.
2
What is the highest common factor of 3353 and 7?
7
Calculate the highest common factor of 20 and 20.
20
What is the highest common divisor of 27 and 54?
27
What is the highest common divisor of 86377 and 17?
17
Calculate the greatest common factor of 21 and 532.
7
Calculate the greatest common divisor of 946 and 22.
22
Calculate the highest common divisor of 5312 and 166.
166
Calculate the greatest common factor of 76 and 722.
38
Calculate the greatest common divisor of 14 and 10.
2
What is the highest common divisor of 708 and 12?
12
What is the highest common divisor of 1552 and 16?
16
What is the greatest common divisor of 1673 and 35?
7
Calculate the greatest common divisor of 1036 and 56.
28
Calculate the highest common factor of 2948 and 134.
134
What is the highest common divisor of 36 and 846?
18
What is the greatest common factor of 2014 and 76?
38
Calculate the highest common divisor of 224 and 104.
8
What is the greatest common divisor of 165 and 385?
55
Calculate the greatest common factor of 42 and 357.
21
What is the highest common divisor of 385 and 4081?
77
Calculate the greatest common factor of 56 and 5656.
56
Calculate the greatest common factor of 432 and 54.
54
Calculate the greatest common factor of 88 and 5896.
88
What is the highest common divisor of 2 and 7?
1
Calculate the highest common divisor of 113 and 1921.
113
What is the greatest common divisor of 210 and 10?
10
Calculate the greatest common factor of 1 and 56.
1
What is the greatest common divisor of 402 and 2814?
402
What is the greatest common factor of 23 and 8119?
23
What is the greatest common divisor of 8 and 548?
4
What is the greatest common divisor of 110 and 72160?
110
What is the highest common factor of 4188 and 60?
12
Calculate the greatest common divisor of 9520 and 175.
35
What is the highest common divisor of 216 and 584?
8
What is the greatest common factor of 4808 and 16?
8
Calculate the greatest common divisor of 26 and 130.
26
What is the highest common divisor of 8564 and 1?
1
What is the highest common divisor of 252 and 108?
36
Calculate the highest common divisor of 24 and 288.
24
Calculate the greatest common divisor of 36 and 156.
12
What is the highest common divisor of 3 and 69?
3
What is the greatest common factor of 196 and 112?
28
Calculate the highest common divisor of 35 and 315.
35
Calculate the highest common factor of 4389 and 924.
231
Calculate the greatest common divisor of 570 and 30.
30
What is the greatest common divisor of 24 and 102?
6
Calculate the highest common divisor of 25 and 100.
25
What is the highest common factor of 35 and 14?
7
Calculate the highest common factor of 30 and 102.
6
What is the highest common factor of 176 and 22?
22
What is the greatest common divisor of 819 and 14?
7
Calculate the greatest common divisor of 38 and 152.
38
What is the highest common divisor of 175 and 7?
7
What is the greatest common divisor of 5855 and 10?
5
Calculate the highest common divisor of 608 and 64.
32
Calculate the highest common factor of 20 and 50.
10
Calculate the highest common divisor of 108 and 810.
54
Calculate the greatest common factor of 371 and 159.
53
What is the highest common factor of 2760 and 69?
69
What is the greatest common factor of 139 and 14317?
139
What is the greatest common factor of 7 and 798?
7
What is the greatest common divisor of 6 and 8?
2
Calculate the greatest common divisor of 16654 and 22.
22
What is the greatest common factor of 4416 and 96?
96
Calculate the highest common factor of 235 and 5.
5
Calculate the greatest common divisor of 30 and 1730.
10
What is the highest common factor of 357 and 255?
51
What is the greatest common factor of 42 a